-78)) is divided by 35?
23
Let h = 628 + -625. Suppose 7*q - 3*y - 190 = 6*q, h*y - 214 = -q. Suppose -163 = -4*g + f, -4*f = 5*g - 159 - 50. What is the remainder when q is divided by g?
38
Suppose -2*w - 19*j = -15*j + 100, 4*w = 2*j - 160. Let y = 241 + -136. Calculate the remainder when y is divided by w*((-6)/15)/((-21)/(-45)).
33
What is the remainder when 32720/54 + (24 - (-18088)/(-756)) is divided by 23?
8
Calculate the remainder when (-4 - (-1888)/28)/(8/84) is divided by 59.
17
Let t(y) = -y**2 + 10. Let n be t(5). Let d = n + 41. Suppose -190 = -2*p + 2*x, 0 = 56*p - 57*p - x + 103. What is the remainder when p is divided by d?
21
Suppose -4*d + d = -108. Suppose -5*x = -6*m + 136, -3*m - 3*x + 32 = -x. Calculate the remainder when d is divided by m.
4
Let n(y) = 82*y - 405 - 4*y**2 + y**2 + 806 - 374. Let j = -7 + 21. Calculate the remainder when n(27) is divided by j.
12
Suppose 0 = 2*x + 6, -10 = 5*w + 2*x - 49. Let r(h) = 3*h**2 + 2*h - 1. What is the remainder when r(1) is divided by -12*(2 - w/4)?
1
Let a be -12*(-9 - (-74)/8). Calculate the remainder when 84 is divided by a/8 + 440/320 + 16.
16
Suppose -3*z = -18, 55 + 41 = w - 3*z. What is the remainder when 557 is divided by w?
101
Suppose -6872 = -20*w + 848. What is the remainder when w is divided by 17?
12
Let d(v) = v**3 + 9*v**2 - 14*v - 8. Let n(l) = -31*l + 2002. Calculate the remainder when d(-10) is divided by n(64).
14
Let v(y) = 11*y**2 - 31*y - 4. Let m = 349 + -346. What is the remainder when 4 is divided by v(m)?
0
What is the remainder when 267 + (-6)/(-6) + -3 is divided by 23?
12
Suppose -2*r = 4*c - 782, -4*c = -r + c + 363. Suppose -r - 85 = -18*h. Calculate the remainder when 154 is divided by h.
24
Let x(g) = 3*g**2 + 66*g - 644. What is the remainder when x(-31) is divided by 52?
37
Suppose -190 = -6*x + 38. Suppose n - 4*f + 251 = 275, 0 = -4*f - 4. Calculate the remainder when x is divided by n.
18
Let x(w) = 16*w**2 + 13*w + 6. Let q be 5 + 31 + -5 - 2. Let h = 32 - q. Calculate the remainder when x(h) is divided by 32.
29
Suppose -142 = 3*k - 4. Let j(y) = -48*y**2 - 42*y - 43. Let h be j(-1). Let r = k - h. Calculate the remainder when 11 is divided by r.
2
Suppose 0 = -3*r + 9, 5*q + 4*r - 284 = -52. Let s = q + 154. What is the remainder when s is divided by 50?
48
Suppose 1860 = -34*u + 40*u. Let b(w) = w**2 - 16*w - 32. Calculate the remainder when u is divided by b(-2).
2
Let p(n) = 20*n**2 - 15*n + 41. What is the remainder when 345 is divided by p(2)?
72
Let q = -29130 - -51504. Calculate the remainder when q/60 + 3/30 is divided by 13.
9
Let t = -102 - -111. Let l = -239 + 247. What is the remainder when t is divided by l?
1
Suppose 485 = 33*m + 89. Let o(r) be the third derivative of -r**4/2 - 7*r**3/3 + 9*r**2. Calculate the remainder when o(-6) is divided by m.
10
Let d = 2 + 3. Suppose -25*t + 130 = 55. Calculate the remainder when d is divided by t.
2
Calculate the remainder when 1568/3 - ((-3)/30)/((-15)/100) is divided by 46.
16
Suppose -x - 2*s = 3*x - 76, -2*x - 4*s = -38. Let g be ((-8)/6)/((-4)/6). Calculate the remainder when 279/(-2)*g/(-3) is divided by x.
17
Suppose 0 = -5*r - s + 59, 4*r - 27 = -s + 20. Suppose -r*h = -10*h - 86. Calculate the remainder when 126 is divided by h.
40
Suppose 114*f + 177 = 16 + 1871. Calculate the remainder when 1588 is divided by f.
13
Suppose 7*c = 2*a + 9*c - 1028, 5*a + 3*c = 2578. Let l = 771 - a. What is the remainder when l is divided by 43?
38
Suppose 0*p = -5*q + 2*p + 61, -q = -2*p - 9. Calculate the remainder when 19563 is divided by q.
11
Suppose -6*j + 146 = 50. Let f = 11 + j. What is the remainder when 374 is divided by f?
23
Suppose x - 21 = -0*x + 2*z, 0 = 4*z. What is the remainder when -7 + (8037/114)/(6/4) is divided by x?
19
Suppose 4*w - w + 48 = 3*v, -2*v = 5*w - 4. Suppose -v*n = 6*n + 72. Let c = 16 + n. What is the remainder when 116 is divided by c?
8
Suppose -4*f - l + 77 = 0, 2*f + 5*l = 18 + 7. What is the remainder when 4*-5*(-47)/f is divided by 14?
5
Suppose -442*l = -494*l + 1352. What is the remainder when l is divided by 8?
2
Let b = -115 - -60. Let y = 90 + b. Let h = y - 33. Calculate the remainder when 6 is divided by h.
0
Let m be -2 - (-16)/9 - (-350)/(-126). Calculate the remainder when -4 + m/((-6)/28) is divided by 8.
2
Let h = 1073 + -1072. What is the remainder when 23 is divided by h?
0
Suppose -3914 - 1955 = -9*o + 125. What is the remainder when o is divided by 10?
6
Let q be (10 - 41)*3/1*-1. Suppose -q*l + 104 = -89*l. Calculate the remainder when 99 is divided by l.
21
What is the remainder when 812 - (-13 - (6 - 19)) is divided by 12?
8
Let h(l) = -42*l + 340. Calculate the remainder when h(4) is divided by 93.
79
Let w = -32 + 44. Suppose -69 = -13*c + w*c. What is the remainder when 206 is divided by c?
68
Let c(z) = 11*z**2 - 3*z - 2. Suppose -d = 5, 3*v + 8*d - 4*d - 496 = 0. Calculate the remainder when v is divided by c(-2).
28
Let j = 110 + 53. Suppose j = 2*x + 67. What is the remainder when x is divided by -2 + 3 + -4 + 8?
3
Suppose 27 = -9*u + 18*u. Suppose -3*v + 6*v - 111 = 0. Suppose u*t = 91 - v. What is the remainder when 71 is divided by t?
17
Suppose -3*a + 19*u + 30 = 20*u, 15 = 2*a - u. Suppose -a*d + 17*d = 152. What is the remainder when 122 is divided by d?
8
Suppose -p = -2*b - 44, 74 = p + 6*b - 2*b. Let o(l) = -l**3 + 31*l**2 + 70*l - 28. What is the remainder when o(33) is divided by p?
50
Let n = 14 + -10. Suppose 0*s = -n*p - 5*s + 33, 3*p - 4*s - 48 = 0. Let v(w) = 3*w**2 - 24*w + 9. What is the remainder when v(p) is divided by 12?
9
Suppose -16605 = -5*b + 5*u, -76*b + 46477 = -62*b + 3*u. Calculate the remainder when b is divided by 256.
248
Let a(h) = -326*h + 4747. Calculate the remainder when a(4) is divided by 12.
11
Let u(i) = 68*i**3 + 7*i**2 + 258*i - 264. Let a = -87 + 129. Suppose -k - q = -9 - 7, -3*k = 5*q - a. Calculate the remainder when u(1) is divided by k.
12
What is the remainder when 130 + (-5)/(-20) + (-132)/16 is divided by 29?
6
Suppose u - 17 = 3*n + 8, -4*n = -8. Calculate the remainder when 102 is divided by u.
9
Suppose 0 = 18*f - 20*f + 3*j + 80, 0 = -j - 6. Calculate the remainder when 1010 is divided by f.
18
Suppose -2*r + 34 = 3*b, -10*r + 38 = 3*b - 6*r. Calculate the remainder when 9156 is divided by b.
6
Suppose 3876 = 56*g + 18*g - 17*g. Suppose 5*s - s = 4*d - 108, 0 = -3*s - 12. Calculate the remainder when g is divided by d.
22
Let p = -92840 - -92849. Suppose 3*z = -3*a - 91 + 640, -3*z - 549 = -3*a. What is the remainder when a is divided by p?
3
Suppose 0 = -7*m + 1106 + 1085. Suppose c - 33 = 4*g, 8*g - 94 = -3*c + 15*g. What is the remainder when m is divided by c?
23
Let x(h) = h**2 - 11*h - 5. Suppose 18*j + 96 = 26*j. Suppose 0 = 4*t - 3*t - 18. What is the remainder when t is divided by x(j)?
4
Suppose 4*y - 6596 = -4*j, -61*j + 8263 = 5*y - 62*j. Calculate the remainder when y is divided by 36.
32
Suppose -162 = -6*g - 0*g. Let a be (-33)/(-9) + 9/g. What is the remainder when 50 is divided by (15 + -13 - 21/(-1)) + a?
23
What is the remainder when 34 is divided by (-326 - -323)/(2/((-41)/3 - -1))?
15
Let o(a) = 2*a**2 + 34*a + 12. Let l be o(-16). Calculate the remainder when 268 is divided by (-285)/l - 6/(-8).
13
Let q(m) = 84*m - 2406. Calculate the remainder when q(32) is divided by 143.
139
Let u(y) = 2*y - 5. Let z be u(-7). Let x = -13 - z. Suppose -5*v = 2*w + 21, -x*w + 2*v + 18 = -2*w. Calculate the remainder when 8 is divided by w.
0
Suppose 0 = -i + 13 - 10. Suppose -41 = i*v - 95. Suppose y + 2*y = 258. What is the remainder when y is divided by v?
14
Suppose 0 = 45868*g - 45874*g + 11792 - 4088. Calculate the remainder when g is divided by 7.
3
Suppose 19*d - 31*d + 36 = 0. Suppose -d*t = -u + 33, 0*u + 111 = 4*u - 5*t. Calculate the remainder when 167 is divided by u.
23
Let f(t) = -t**2 - 94*t - 1760. What is the remainder when 173 is divided by f(-29)?
48
Let g(a) = a**3 - 20*a**2 + 52*a - 1. What is the remainder when 1096 is divided by g(17)?
8
What is the remainder when 124 is divided by (-250)/200 - (-17)/4?
1
Suppose 0 = z + 5*p - 57, 4*p + 78 = 5*z - 120. Let x(i) = -i**3 - i**2 + 17*i - 2. Calculate the remainder when z is divided by